365750 + 473?
366333
In base 7, what is 0 + 204425223?
204425223
In base 12, what is 842989 + -5?
842984
In base 3, what is 20100221201222 - 11?
20100221201211
In base 7, what is 5451164540 - 3?
5451164534
In base 16, what is fd - 50db1?
-50cb4
In base 16, what is 52 - 1fef70?
-1fef1e
In base 10, what is 2 - 1114645?
-1114643
In base 16, what is 1278 - 6a31?
-57b9
In base 7, what is 1051155066 + -3?
1051155063
In base 13, what is -20c996 - 6b?
-20ca34
In base 7, what is -2 + -6455041?
-6455043
In base 13, what is 4 - 2c95145?
-2c95141
In base 16, what is -349c5 + -7?
-349cc
In base 2, what is -1010001110100111100110101110 - -10?
-1010001110100111100110101100
In base 2, what is 1001100000011 - 10111010001?
110100110010
In base 10, what is -76 + -3464759?
-3464835
In base 3, what is -21121001200 - -2001?
-21120222122
In base 8, what is 2 - -6332363?
6332365
In base 5, what is 20 - -130211012110?
130211012130
In base 8, what is -43 - 5027204?
-5027247
In base 2, what is 10 - -110001100111100010000001?
110001100111100010000011
In base 15, what is -4 + 8a012dd?
8a012d9
In base 12, what is -74a5013 + 6?
-74a5009
In base 7, what is 142 + 33343?
33515
In base 2, what is 1101100000100111 - 100111000010?
1100111001100101
In base 2, what is 11110111111 - 11000100111000011?
-11000001000000100
In base 3, what is 2 + 1011021002111112?
1011021002111121
In base 11, what is -1847 + -10018?
-11864
In base 9, what is 0 - 10277348?
-10277348
In base 11, what is 5 + -3309a335?
-3309a330
In base 5, what is 4111423031 + 1204?
4111424240
In base 7, what is 10136302 - 330?
10135642
In base 10, what is 268433 - 45?
268388
In base 3, what is -1002202021 - 11121?
-1002220212
In base 15, what is -1dae70 - 0?
-1dae70
In base 8, what is -5447061 + -27?
-5447110
In base 5, what is 40 - 42103100?
-42103010
In base 8, what is -6 + -14726474?
-14726502
In base 14, what is -4 - -136dd66?
136dd62
In base 3, what is -10100020002 - 110201211?
-10210221220
In base 15, what is 6d + 7c3?
841
In base 8, what is -116 + 10747263?
10747145
In base 6, what is -1 - 1533202?
-1533203
In base 3, what is 11000010211 + -110111?
10222200100
In base 10, what is -113 + 34828?
34715
In base 5, what is 32 - -11202110043?
11202110130
In base 15, what is -7c5 + -241?
-a16
In base 4, what is -3 + 10302132033?
10302132030
In base 14, what is 28dcdac - 5?
28dcda7
In base 14, what is 2b50db2 - a?
2b50da6
In base 9, what is -113 + -665082?
-665205
In base 14, what is -1 - -1b27aaa?
1b27aa9
In base 9, what is 5 + 4701884?
4702000
In base 10, what is 308448 + 44?
308492
In base 8, what is -27 + -762631?
-762660
In base 16, what is -3314a + -191?
-332db
In base 8, what is -47 + 13346430?
13346361
In base 8, what is 454322 + -62?
454240
In base 5, what is -4102342332343 - -10?
-4102342332333
In base 15, what is -ba - -2a046?
29e7b
In base 4, what is 3220332 + 100?
3221032
In base 3, what is 1002121 - -12110222012?
12112001210
In base 9, what is 2004 - -1523?
3527
In base 10, what is -245698473 + 0?
-245698473
In base 12, what is -1bb89bb + -1?
-1bb8a00
In base 12, what is -1760 - 22589?
-24129
In base 6, what is -235520504 - -113?
-235520351
In base 12, what is 9995 + -2a00?
6b95
In base 16, what is d - 24479a2?
-2447995
In base 14, what is -31183a + 14?
-311826
In base 16, what is 3852c + -230?
382fc
In base 5, what is 20 + 12343121410?
12343121430
In base 6, what is -1515 + 20025?
14110
In base 11, what is 124906 + -13?
1248a3
In base 11, what is -1926825 - 1a?
-1926844
In base 4, what is 1101 + 32031312011?
32031313112
In base 3, what is -211221112020122 - -11121?
-211221112002001
In base 7, what is -40 - -4164541?
4164501
In base 2, what is 101011100101000010100101110 + -1010?
101011100101000010100100100
In base 4, what is -22201 - -2220022001?
2213333200
In base 10, what is 0 + 265760242?
265760242
In base 3, what is 12212221 - -202110020?
222100011
In base 9, what is -1764 - -104146?
102272
In base 8, what is -3330251057 - -1?
-3330251056
In base 3, what is -1201120000020000022 + 12?
-1201120000020000010
In base 13, what is -454a63 + 21?
-454a42
In base 12, what is -2674a + 5b?
-266ab
In base 9, what is -462527 - -115?
-462412
In base 4, what is -12031232 - -1333?
-12023233
In base 10, what is 146811 - 60?
146751
In base 11, what is -3 - 30809aa8?
-3080a000
In base 12, what is -5 + -2499101?
-2499106
In base 12, what is -48 + -584ab0?
-584b38
In base 3, what is -122120 - 201022212?
-201222102
In base 14, what is b + -1549693?
-1549686
In base 8, what is -3254556746 - 3?
-3254556751
In base 15, what is 8d - -3b7b?
3c19
In base 9, what is 5025 + 510172?
515207
In base 3, what is -20001001211122 - 1102?
-20001001220001
In base 13, what is -14494b3 - -30?
-1449483
In base 11, what is -5 - 1a58067?
-1a58071
In base 6, what is 2025 - -2351412?
2353441
In base 16, what is -87900d - -1?
-87900c
In base 6, what is -1002 + -53123?
-54125
In base 16, what is -96 + 43e1?
434b
In base 11, what is 6 + -1843990?
-1843985
In base 10, what is 6875 - 1109?
5766
In base 2, what is 101010110110110011011000 + -1?
101010110110110011010111
In base 4, what is -11 - 32022201003?
-32022201020
In base 11, what is 6 - -2448990a?
24489915
In base 15, what is 1a - -95324?
9533e
In base 5, what is 22203024 - -2404?
22210433
In base 3, what is -101 - 1221111122?
-1221112000
In base 6, what is -141152 - 233?
-141425
In base 4, what is 1212313 - 2322330?
-1110011
In base 2, what is 1010110000 - -11110001101101011?
11110011000011011
In base 12, what is -88402 + 7a?
-88344
In base 5, what is -142404043121 + 0?
-142404043121
In base 3, what is 20 - 2222001111202?
-2222001111112
In base 10, what is -9718 - 82?
-9800
In base 8, what is -1201631 + 10?
-1201621
In base 2, what is 11001 + -100111011111110001?
-100111011111011000
In base 16, what is 90 + 198416?
1984a6
In base 16, what is -2ea - 1c02c?
-1c316
In base 3, what is 22 - 111202202101001?
-111202202100202
In base 11, what is 5 - -4363217?
4363221
In base 9, what is 7 + 251063257?
251063265
In base 6, what is -240315 - 15212?
-255531
In base 4, what is -1 + -13232202233011?
-13232202233012
In base 4, what is -222112 - 313220233?
-320103011
In base 9, what is 167 - -208731?
210008
In base 5, what is 2244410141 + -3?
2244410133
In base 9, what is -2 - 272647?
-272650
In base 7, what is 132203266 + 1?
132203300
In base 10, what is 28492 - 1593?
26899
In base 3, what is 101001122012012 + 1001?
101001122020020
In base 8, what is 16475367 + -2?
16475365
In base 3, what is -102221002 + 10110021?
-22110211
In base 10, what is -2105043 - -127?
-2104916
In base 13, what is -4 - -14500a19?
14500a15
In base 11, what is 34090 + 520?
34600
In base 9, what is 2 - 25578025?
-25578023
In base 9, what is 7503 - -74778?
83382
In base 4, what is 1 - -331231031312?
331231031313
In base 15, what is -2c9a + -1b06d?
-1dd18
In base 6, what is 5 + 1003414155?
1003414204
In base 2, what is 10010110010 + -100100111?
1110001011
In base 16, what is -7320 - -31d9?
-4147
In base 13, what is 1a - -a2b71?
a2b8b
In base 11, what is -717536a + -5?
-7175374
In base 3, what is -12 + 2110101011002?
2110101010220
In base 5, what is -2 + -103242011?
-103242013
In base 11, what is 113415 - -a68?
114382
In base 3, what is -102 - 201212221010?
-201212221112
In base 7, what is 150623 + 206?
151132
In base 7, what is -35340135 + 152?
-35336653
In base 11, what is -51974 - 59a?
-52463
In base 5, what is -2112 - -4113004?
4110342
In base 9, what is 42 + -133723?
-133671
In base 7, what is 1300 + 616634?
621234
In base 9, what is -68824118 + 5?
-68824113
In base 15, what is 5 - -6ecbeb?
6ecc01
In base 3, what is 200210 - 1000012101?
-222111121
In base 4, what is -113 + 322101300?
322101121
In base 14, what is 1 + -5a9412?
-5a9411
In base 10, what is 18307198 - -3?
18307201
In base 11, what is -790 + 3878?
3098
In base 9, what is -22868 - 5133?
-28112
In base 9, what is 10346486 - 15?
10346471
In base 6, what is 0 + 423003041?
423003041
In base 11, what is 463438 - -23?
463460
In base 11, what is 2814 - 129714?
-126a00
In base 4, what is -22 + 20231012312?
20231012230
In base 13, what is -656 - 44a9?
-4b32
In base 5, what is 10234 - 2213?
3021
In base 8, what is -156377170 + -1?
-156377171
In base 4, what is -210 + 232230133331?
2